11011 (base 2) in base 4?
-102323
What is 1947 (base 11) in base 15?
aeb
Convert -308 (base 14) to base 15.
-29b
What is 2110333 (base 4) in base 11?
7189
Convert 1100010120 (base 3) to base 12.
132b0
Convert -51331 (base 9) to base 10.
-33805
What is 400 (base 7) in base 13?
121
4201 (base 9) to base 5
44304
-3018 (base 14) to base 4
-2000332
1291a (base 12) to base 8
61646
-1825 (base 12) to base 6
-21245
31333 (base 4) to base 13
53b
What is -242306 (base 7) in base 11?
-30112
Convert -320 (base 4) to base 3.
-2002
Convert -1eb5 (base 16) to base 9.
-11704
Convert -233c (base 13) to base 3.
-20210102
What is 4d8 (base 14) in base 2?
1111001110
7c5 (base 13) to base 10
1344
What is -100001010011010 (base 2) in base 9?
-25344
What is 150113 (base 6) in base 5?
424201
-138 (base 9) to base 16
-74
365 (base 16) to base 2
1101100101
Convert 15a4 (base 11) to base 9.
2727
What is -89906 (base 10) in base 7?
-523055
Convert -10021 (base 3) to base 7.
-154
Convert -322 (base 7) to base 3.
-20001
What is -111 (base 3) in base 9?
-14
1364 (base 8) to base 6
3300
10351 (base 8) to base 13
1c80
21079 (base 10) to base 5
1133304
What is 1431 (base 6) in base 8?
573
What is -1112101101 (base 3) in base 11?
-20737
Convert 26556 (base 9) to base 11.
12540
Convert 4465 (base 9) to base 16.
ce3
Convert -3200130 (base 4) to base 9.
-21630
30140 (base 5) to base 15
880
-10200 (base 4) to base 3
-101200
414066 (base 7) to base 13
26454
Convert 1001212202 (base 3) to base 8.
51075
-1615 (base 8) to base 14
-48d
What is -364d (base 15) in base 4?
-2310130
What is -40444 (base 7) in base 16?
-2668
Convert eb (base 16) to base 6.
1031
Convert 1716 (base 13) to base 14.
134b
-2a31 (base 11) to base 16
-f42
-848 (base 9) to base 6
-3112
Convert -c864 (base 15) to base 7.
-234412
What is 12000020 (base 3) in base 14?
148b
Convert 704 (base 15) to base 9.
2144
Convert a63 (base 13) to base 15.
7d1
What is -12530 (base 7) in base 2?
-110100011001
What is 64662 (base 8) in base 3?
1101010011
-112121210 (base 3) to base 10
-10659
Convert 825 (base 11) to base 2.
1111100011
What is -1119 (base 14) in base 6?
-21415
200001 (base 3) to base 2
111100111
Convert -966 (base 11) to base 14.
-5cd
Convert 101121 (base 5) to base 4.
303112
Convert 708 (base 10) to base 16.
2c4
What is -7bb (base 13) in base 16?
-539
Convert 556 (base 9) to base 8.
710
Convert -54b4 (base 13) to base 15.
-3773
3520 (base 10) to base 9
4741
What is -8aa (base 14) in base 5?
-23333
What is -10354 (base 7) in base 2?
-101000011011
Convert 2aca (base 16) to base 14.
3dc6
-cdd8 (base 15) to base 7
-241124
375 (base 8) to base 7
511
435652 (base 7) to base 16
12abd
What is -211122012 (base 3) in base 6?
-204222
What is -10010 (base 3) in base 12?
-70
What is -1010001010101 (base 2) in base 8?
-12125
-6757 (base 10) to base 2
-1101001100101
What is 12362 (base 10) in base 4?
3001022
What is -2212 (base 7) in base 4?
-30121
What is -195 (base 14) in base 9?
-403
-1057 (base 8) to base 7
-1426
-202 (base 10) to base 6
-534
-2480 (base 11) to base 3
-11102210
Convert -322323 (base 4) to base 6.
-25243
Convert -596 (base 16) to base 4.
-112112
Convert 2a8a (base 15) to base 9.
13464
Convert -111212 (base 4) to base 16.
-566
What is 33045 (base 7) in base 15?
26b0
-16383 (base 11) to base 2
-101101000101001
Convert 40301 (base 5) to base 15.
b6b
What is 72540 (base 9) in base 16?
bad2
-1444014 (base 5) to base 4
-13212132
What is -370d (base 15) in base 13?
-5440
What is -681 (base 12) in base 8?
-1701
What is 2341 (base 6) in base 8?
1065
12202220 (base 3) to base 10
4209
Convert 7485 (base 11) to base 2.
10011010100110
Convert 10360 (base 7) to base 10.
2590
Convert 31aa (base 11) to base 14.
1786
-4024 (base 5) to base 13
-307
-111111110001 (base 2) to base 8
-7761
-12330 (base 5) to base 16
-3c5
Convert 2011011 (base 3) to base 13.
93a
What is 2101222 (base 3) in base 13?
a4c
Convert -143212 (base 5) to base 2.
-1011110101001
14106 (base 8) to base 10
6214
Convert -782 (base 13) to base 16.
-509
-27144 (base 8) to base 15
-37bb
What is 904 (base 14) in base 10?
1768
What is -110011 (base 2) in base 14?
-39
Convert 10110111 (base 2) to base 13.
111
313302 (base 4) to base 6
24310
Convert 112002 (base 4) to base 7.
4053
Convert -211156 (base 7) to base 13.
-13789
What is -48 (base 12) in base 11?
-51
1110001011010 (base 2) to base 14
2906
-779 (base 15) to base 12
-b89
21111012 (base 4) to base 2
1001010101000110
What is -1320 (base 5) in base 15?
-e0
Convert 9dc (base 14) to base 3.
2200112
202314 (base 5) to base 12
3988
What is -5244 (base 6) in base 9?
-1551
Convert 1303 (base 5) to base 15.
d8
1322 (base 7) to base 2
111111010
What is -255 (base 12) in base 13?
-212
Convert -3402 (base 6) to base 13.
-491
Convert -220323 (base 5) to base 2.
-1110110100100
247 (base 11) to base 6
1205
Convert 57a46 (base 11) to base 8.
243506
-476 (base 11) to base 2
-1000110111
What is -1d4 (base 14) in base 7?
-1054
-29a (base 11) to base 15
-186
Convert 432523 (base 6) to base 13.
1329c
What is 11011110101011 (base 2) in base 14?
529d
-1812 (base 9) to base 8
-2554
10110212 (base 3) to base 2
100111100110
What is 24c (base 14) in base 2?
111001100
202113 (base 4) to base 2
100010010111
What is -208 (base 11) in base 2?
-11111010
Convert 110101110001 (base 2) to base 15.
1046
What is -2220222 (base 4) in base 13?
-4bb4
What is 253 (base 14) in base 2?
111010001
What is 94e (base 15) in base 6?
13415
-216547 (base 8) to base 16
-11d67
What is b37 (base 14) in base 16?
89d
What is 121120 (base 4) in base 9?
2204
Convert -200111 (base 3) to base 10.
-499
1011110010 (base 3) to base 5
1213201
-11222212 (base 3) to base 13
-1871
2bb4 (base 13) to base 8
14400
Convert -33205 (base 6) to base 14.
-1977
Convert -6806 (base 15) to base 10.
-22056
Convert 113102 (base 4) to base 5.
21430
What is 1241 (base 5) in base 6?
524
Convert 3b4 (base 16) to base 13.
57c
-1102002 (base 3) to base 9
-1362
10110010110100 (base 2) to base 10
11444
-1101110001100 (base 2) to base 16
-1b8c
What is 405 (base 11) in base 2?
111101001
What is -20311 (base 5) in base 16?
-533
Convert -1110000110 (base 2) to base 7.
-2426
a3b (base 13) to base 10
1740
Convert -696d (base 16) to base 8.
-64555
What is 100032 (base 5) in base 3?
11022101
Convert 12323 (base 4) to base 2.
110111011
What is -3330 (base 5) in base 12?
-329
What is 3540 (base 8) in base 3?
2120221
Convert 55421 (base 6) to base 10.
7717
What is 4521 (base 9) in base 13?
169c
Convert 9a75 (base 15) to base 8.
77737
Convert 621 (base 14) to base 13.
719
Convert 1635 (base 13) to base 2.
110010110111
Convert -1a3 (base 16) to base 12.
-2ab
Convert 1276 (base 11) to base 15.
756
What is -41732 (base 8) in base 4?
-10033122
Convert -10303 (base 6) to base 2.
-10101111111
What is 1480 (base 12) in base 16?
960
What is -131434 (base 5) in base 11?
-3a38
-3811 (base 12) to base 7
-24340
-3120 (base 5) to base 3
-120012
What is 169 (base 11) in base 10?
196
Convert -9a (base 16) to base 3.
-12201
-11762 (base 8) to base 12
-2b56
2398 (base 10) to base 3
10021211
330244 (base 5) to base 8
26074
What is 1607 (base 9) in base 2?
10011000110
What is -14704 (base 8) in base 2?
-1100111000100
Convert -45101 (base 6) to base 7.
-24241
-34b9 (base 13) to base 5
-214134
What is 66 (base 12) in base 9?
86
What is -323134 (base 5) in base 16?
-2b24
Convert -883 (base 11) to base 15.
-4a9
Convert -1c9 (base 14) to base 9.
-454
Convert 28a (base 12) to base 8.
612
-426041 (base 7) to base 12
-36a85
What is -32314 (base 8) in base 10?
-13516
What is 75a (base 14) in base 9?
1883
Convert 8b59 (base 13) to base 2.
100110000110101
What is -11351 (base 11) in base 9?
-24432
Convert -605 (base 11) to base 5.
-10411
What is 111010011 (base 2) in base 7?
1235
What is -8039 (base 12) in base 13?
-640b
-10011010010 (base 2) to base 11
-a22
Convert -222052 (base 7) to base 8.
-114343
What is 10a5 (base 16) in base 13?
1c2a
What is -731 (base 8) in base 6?
-2105
-33203 (base 4) to base 9
-1325
Convert -151053 (base 6) to base 16.
-38a9
149 (base 10) to base 16
95
25662 (base 11) to base 14
d559
-2113 (base 8) to base 3
-1111201
Convert c20 (base 14) to base 13.
1111
Convert -13221 (base 6) to base 3.
-2210011
Convert